emainder when 166 is divided by 12.
10
Calculate the remainder when 698 is divided by 25.
23
What is the remainder when 2492 is divided by 24?
20
What is the remainder when 4533 is divided by 41?
23
Calculate the remainder when 1325 is divided by 37.
30
What is the remainder when 1324 is divided by 24?
4
Calculate the remainder when 91 is divided by 23.
22
Calculate the remainder when 1505 is divided by 362.
57
What is the remainder when 1293 is divided by 22?
17
Calculate the remainder when 411 is divided by 26.
21
What is the remainder when 37 is divided by 6?
1
Calculate the remainder when 208 is divided by 40.
8
What is the remainder when 222 is divided by 8?
6
Calculate the remainder when 807 is divided by 88.
15
Calculate the remainder when 101 is divided by 98.
3
Calculate the remainder when 16 is divided by 10.
6
Calculate the remainder when 28246 is divided by 12.
10
Calculate the remainder when 555 is divided by 189.
177
What is the remainder when 1814 is divided by 1768?
46
Calculate the remainder when 451 is divided by 107.
23
Calculate the remainder when 266 is divided by 265.
1
Calculate the remainder when 468 is divided by 8.
4
What is the remainder when 1215 is divided by 7?
4
What is the remainder when 1173 is divided by 71?
37
What is the remainder when 36 is divided by 19?
17
Calculate the remainder when 5012 is divided by 5.
2
What is the remainder when 74 is divided by 53?
21
What is the remainder when 250 is divided by 64?
58
What is the remainder when 3615 is divided by 1201?
12
What is the remainder when 133 is divided by 82?
51
What is the remainder when 30 is divided by 19?
11
Calculate the remainder when 205 is divided by 11.
7
Calculate the remainder when 575 is divided by 18.
17
What is the remainder when 178 is divided by 116?
62
What is the remainder when 237 is divided by 9?
3
What is the remainder when 43 is divided by 22?
21
Calculate the remainder when 1879 is divided by 33.
31
What is the remainder when 70 is divided by 25?
20
Calculate the remainder when 5179 is divided by 216.
211
What is the remainder when 902 is divided by 130?
122
Calculate the remainder when 417 is divided by 15.
12
What is the remainder when 176 is divided by 36?
32
What is the remainder when 722 is divided by 235?
17
Calculate the remainder when 134 is divided by 24.
14
What is the remainder when 1893 is divided by 79?
76
What is the remainder when 326 is divided by 8?
6
What is the remainder when 177 is divided by 65?
47
Calculate the remainder when 14578 is divided by 9.
7
What is the remainder when 268 is divided by 3?
1
What is the remainder when 20 is divided by 16?
4
Calculate the remainder when 47 is divided by 17.
13
What is the remainder when 649 is divided by 198?
55
What is the remainder when 1058 is divided by 59?
55
Calculate the remainder when 1218 is divided by 122.
120
What is the remainder when 213 is divided by 48?
21
What is the remainder when 272 is divided by 163?
109
Calculate the remainder when 935 is divided by 14.
11
What is the remainder when 264 is divided by 45?
39
Calculate the remainder when 188 is divided by 87.
14
Calculate the remainder when 280 is divided by 96.
88
What is the remainder when 3666 is divided by 44?
14
What is the remainder when 60 is divided by 22?
16
What is the remainder when 78 is divided by 12?
6
Calculate the remainder when 5540 is divided by 923.
2
What is the remainder when 173 is divided by 8?
5
What is the remainder when 254 is divided by 131?
123
What is the remainder when 2288 is divided by 57?
8
What is the remainder when 185 is divided by 38?
33
Calculate the remainder when 2292 is divided by 255.
252
Calculate the remainder when 1873 is divided by 75.
73
What is the remainder when 1116 is divided by 14?
10
What is the remainder when 506 is divided by 52?
38
What is the remainder when 567 is divided by 179?
30
What is the remainder when 784 is divided by 461?
323
What is the remainder when 837 is divided by 210?
207
Calculate the remainder when 8 is divided by 7.
1
Calculate the remainder when 128 is divided by 46.
36
What is the remainder when 742 is divided by 32?
6
Calculate the remainder when 1095 is divided by 109.
5
What is the remainder when 456 is divided by 156?
144
Calculate the remainder when 80 is divided by 41.
39
Calculate the remainder when 1371 is divided by 49.
48
Calculate the remainder when 496 is divided by 11.
1
What is the remainder when 1791 is divided by 64?
63
Calculate the remainder when 17159 is divided by 55.
54
Calculate the remainder when 764 is divided by 15.
14
What is the remainder when 404 is divided by 27?
26
What is the remainder when 2461 is divided by 112?
109
What is the remainder when 442 is divided by 33?
13
What is the remainder when 293 is divided by 28?
13
What is the remainder when 522 is divided by 56?
18
Calculate the remainder when 138 is divided by 20.
18
Calculate the remainder when 1948 is divided by 195.
193
Calculate the remainder when 1505 is divided by 55.
20
What is the remainder when 536 is divided by 198?
140
Calculate the remainder when 52105 is divided by 14.
11
Calculate the remainder when 165 is divided by 18.
3
Calculate the remainder when 89 is divided by 23.
20
What is the remainder when 85 is divided by 37?
11
What is the remainder when 72 is divided by 19?
15
What is the remainder when 207 is divided by 30?
27
What is the remainder when 71 is divided by 9?
8
Calculate the remainder when 165 is divided by 57.
51
What is the remainder when 83 is divided by 14?
13
Calculate the remainder when 3259 is divided by 16.
11
What is the remainder when 272 is divided by 23?
19
Calculate the remainder when 41 is divided by 16.
9
What is the remainder when 277 is divided by 35?
32
Calculate the remainder when 5374 is divided by 48.
46
What is the remainder when 6724 is divided by 58?
54
What is the remainder when 21 is divided by 7?
0
What is the remainder when 3975 is divided by 17?
14
What is the remainder when 346 is divided by 96?
58
What is the remainder when 50 is divided by 1?
0
What is the remainder when 256 is divided by 82?
10
Calculate the remainder when 62 is divided by 30.
2
Calculate the remainder when 900 is divided by 83.
70
What is the remainder when 2106 is divided by 44?
38
Calculate the remainder when 358 is divided by 319.
39
Calculate the remainder when 2906 is divided by 57.
56
Calculate the remainder when 697 is divided by 230.
7
What is the remainder when 621 is divided by 617?
4
What is the remainder when 11083 is divided by 163?
162
What is the remainder when 157 is divided by 149?
8
Calculate the remainder when 3851 is divided by 241.
236
Calculate the remainder when 1185 is divided by 92.
81
Calculate the remainder when 2996 is divided by 498.
8
What is the remainder when 215 is divided by 153?
62
Calculate the remainder when 61 is divided by 11.
6
Calculate the remainder when 278 is divided by 29.
17
Calculate the remainder when 91 is divided by 69.
22
Calculate the remainder when 107 is divided by 23.
15
Calculate the remainder when 113 is divided by 6.
5
Calculate the remainder when 1328 is divided by 121.
118
Calculate the remainder when 222 is divided by 23.
15
Calculate the remainder when 419 is divided by 42.
41
Calculate the remainder when 89 is divided by 30.
29
What is the remainder when 1327 is divided by 9?
4
Calculate the remainder when 1556 is divided by 388.
4
Calculate the remainder when 148 is divided by 9.
4
Calculate the remainder when 218 is divided by 40.
18
Calculate the remainder when 353 is divided by 43.
9
Calculate the remainder when 148 is divided by 73.
2
Calculate the remainder when 136 is divided by 36.
28
Calculate the remainder when 55 is divided by 14.
13
Calculate the remainder when 4811 is divided by 2402.
7
Calculate the remainder when 2752 is divided by 54.
52
What is the remainder when 43 is divided by 18?
7
What is the remainder when 2638 is divided by 1314?
10
What is the remainder when 151 is divided by 61?
29
Calculate the remainder when 77 is divided by 39.
38
What is the remainder when 79 is divided by 63?
16
What is the remainder when 79 is divided by 43?
36
Calculate the remainder when 177 is divided by 54.
15
Calculate the remainder when 4